 v(y) = 7*y**2 + 4*y. Let f(r) = -r. Let b(s) = 5*f(s) + v(s). What is b(g)?
6
Let d(b) = -b**3 - b**2 - 2*b - 2. Let t be 5*(22/(-10) + 3). Let l be -5 + 6 - (0 + t). What is d(l)?
22
Let o(r) = -r**2 + 2*r - 3. Let v = 250 + -248. What is o(v)?
-3
Let d(f) = 3*f**3 - 2*f**2 - f. Let i be (-3)/2 + (45/(-2))/(-15). Suppose 4*b + 3*y = -10, -7 = -b + 4*y - i. Calculate d(b).
-4
Let b(a) = 0*a + 2886 + a - 2906. What is b(15)?
-5
Let n(l) = -101*l**3 + 6*l + 4 + 4*l**2 + 178*l**3 - 76*l**3. Determine n(-3).
-5
Let a be 40/(-2)*(-14)/35. Let h = 9 - a. Let d = -1 - h. Let c(m) = m**2 + 3*m + 3. Calculate c(d).
1
Let t(r) = -222*r + 87. Let d(p) = -53*p + 22. Let u(a) = 21*d(a) - 5*t(a). What is u(10)?
-3
Let y(m) = -m**3 - 3*m**2 + 2*m + 5. Suppose 119 = -6*j + 101. Give y(j).
-1
Let s(j) = -1 - 2 - 3 - j**2 + 7 - 126*j**3 + 132*j**3. What is s(2)?
45
Let w(a) = a**3 - a**2 + 3*a + 10. Let j = 380 - 380. What is w(j)?
10
Suppose 0 = -3*o - 2*j + 6, -6*o + 7*o + j = 3. Let l(s) = -s**2 - 3. Calculate l(o).
-3
Let b(p) be the third derivative of 0 + 1/2*p**3 - 2*p**2 + 1/8*p**4 + 0*p - 1/120*p**6 - 1/20*p**5. Let y be 3 + (1 + -13)/2. Determine b(y).
-6
Let f(b) be the second derivative of 2*b**3/3 - 13*b**2 + 13*b. Let s be f(6). Let t(g) = -3*g - 3. Determine t(s).
3
Let u(r) = r**3 + 3*r**2 - r + 2. Let o be (-3)/2*(-20)/6. Suppose 0 = -0*f - 5*f + 40. Let p = o - f. Determine u(p).
5
Let p(z) = z**2 + 5*z + 2. Let t be ((15 - 7) + -7)*-5. Give p(t).
2
Let r(t) = -t**3 + 7*t**2 + 7*t + 7. Let z = 142 - 139. Suppose -5*g + z*b + 49 = 0, -g = 2*b + b + 1. What is r(g)?
-1
Let k(l) = -l + 10. Let t = -7 + -36. Let z = -36 - t. Calculate k(z).
3
Let b(v) = -167 + 87 - 4*v**3 + 80. What is b(-1)?
4
Let z(i) = 2*i**2 + 5*i - 1. Let q(c) = -2*c**2 - 5*c. Let p(g) = -2*q(g) - 3*z(g). Let v = -1787 - -1782. Give p(v).
-22
Let b(o) = -2*o**3 - 5*o**2 + 6*o + 5. Let c = 21 + -17. Let u(a) = 4*a**3 + 9*a**2 - 11*a - 9. Let p(n) = c*u(n) + 7*b(n). What is p(2)?
15
Suppose -s - 247 = 18*s. Let a(j) = 2*j + 32. Determine a(s).
6
Let z(x) = 15*x**2 - 52*x + 5. Let f(w) = -7*w**2 + 24*w - 2. Let h(i) = -13*f(i) - 6*z(i). Suppose 3*n + 0*n - 9 = 0. Determine h(n).
5
Let u(k) be the second derivative of k**3/6 + 3*k**2/2 + 2*k. Let d = -591 + 591. Calculate u(d).
3
Let b(c) = c**3 - 12*c**2 + 10*c + 3. Suppose -2*k + 0 + 12 = 0. Let p(s) = s**3 - 13*s**2 + 11*s + 3. Let q(y) = k*b(y) - 5*p(y). Determine q(6).
-3
Let h(o) = 4*o**3 - o**2 + 8*o - 5. Let s(w) = 7*w**3 - 3*w**2 + 15*w - 10. Let c(q) = 5*h(q) - 3*s(q). Determine c(4).
-15
Suppose 0 = -13*y + 15*y + c + 10, 4 = -c. Let d(m) = m**3 + 2*m**2 - 4*m - 1. Give d(y).
2
Let j(u) = 18*u**3 - 44*u**2 - 16*u + 4. Let h(z) = 6*z**3 - 13*z**2 - 5*z + 1. Let b(p) = -7*h(p) + 2*j(p). Give b(-1).
7
Let s(h) = 3*h**2 + h + 4. Suppose -56*c - 7 - 217 = 0. Determine s(c).
48
Let m(n) be the second derivative of -n**3/3 + 9*n**2/2 + 8*n. What is m(4)?
1
Let m(u) = u - 37. Let c be m(25). Let f be 2/((-2)/c*-4). Let j(i) = -i**3 - 3*i**2 - 3. Calculate j(f).
-3
Let m be 4*(4 - 3) + -4. Let d(z) = z**3 - 2*z + 6. Let g be d(m). Suppose 24*c - 27*c - g = 0. Let a(b) = -b**3 - 2*b**2 + 2*b + 1. Determine a(c).
-3
Let k(a) = 0 + 1 + a + 1. Let u(h) be the first derivative of -3*h**2/2 - 43*h - 3. Let t be u(-13). Calculate k(t).
-2
Suppose -63 + 59 = -2*i. Let m(n) be the first derivative of n**4/2 - n**3 + n**2 + 2. Give m(i).
8
Let o(d) = -d**3 - 4*d**2 + 5*d - 1. Suppose 8*x = 6*x - l + 12, 2*l - 29 = -5*x. Suppose -2*h - x = 5. What is o(h)?
-1
Let b(g) be the second derivative of 1/6*g**3 - 5/2*g**2 + 9*g + 0. Suppose -2*w - 30 = -6*w + 5*h, w + 3 = -4*h. Determine b(w).
0
Let a(x) be the first derivative of x**4/24 + 17*x**3/6 + 6*x**2 + 11. Let s(n) be the second derivative of a(n). Calculate s(-11).
6
Let s(b) = 301*b - 292*b + 57 + 14. Calculate s(-9).
-10
Let n(a) = -a**2 - 5*a + 4. Let r be (0/4 + 0)/(-1). Suppose 2*h + r*h = 18. Let m(d) = -d**2 + 9*d - 6. Let k be m(h). Give n(k).
-2
Suppose -4*l + 5*v - 2 = 7, -4*l - 5*v = -1. Let a(f) = -15*f - 1. What is a(l)?
14
Let n(t) = 20*t**2 - 10*t + 19. Let q(m) = -7*m**2 + 3*m - 6. Let g = 34 - 17. Let p(r) = g*q(r) + 6*n(r). What is p(8)?
4
Let w = 249 - 254. Let a(p) = -p**2 - 9*p + 1. Give a(w).
21
Let b(a) = -a**3 - 6*a**2 - 3*a - 1. Let q(w) = -w**2 - 13*w + 22. Let j(r) = r**2 + 12*r - 22. Let y(t) = -3*j(t) - 4*q(t). Let i be y(-17). Determine b(i).
-11
Let q(w) be the first derivative of 23*w**3/3 - w**2/2 + 178. What is q(-1)?
24
Suppose 0 = -2*h - j + 17, 3*j + 2*j - 13 = -h. Suppose 3*z - 5 = h*z. Let v(u) = 16*u - 1. What is v(z)?
-17
Let u(d) = -5*d**2 + 10*d + 1. Let x(s) = 13*s**2 - 21*s - 3. Let k(l) = 5*u(l) + 2*x(l). Calculate k(-4).
-17
Let c be -2*(-3)/(-24) - (-1062)/24. Let y = 5 + -2. Suppose l + 13 = -y*j, 5*j - 4*l + c = j. Let z(v) = -v**2 - 5*v - 3. Calculate z(j).
-9
Let n = 6 + -3. Suppose -5*q = 3*z - 4 - 11, -2*q - z = -6. Let d(b) = -2*b**q - b + 0*b + b**2 + b**n - 2. Give d(0).
-2
Let s = -1 - -3. Let r(c) = -8*c + 7*c + c + 4*c + 2. Calculate r(s).
10
Let x(g) = 2*g**2 + 7*g + 4. Let d(b) = -b**3 + 8*b**2 - 6*b - 3. Let q be d(7). Let m be q/(-14) - 80/(-35) - 7. Determine x(m).
19
Let z(v) be the third derivative of v**6/120 + v**5/20 + v**4/24 - v**3/3 - 3*v**2. Let k be (4/(-6))/(4/12). What is z(k)?
0
Let k(o) = -4*o**2 + o - 2. Let x(d) = -9*d**2 + 3*d - 3. Let j(g) = 5*k(g) - 2*x(g). What is j(-3)?
-19
Let m(w) = -w**3 - 6*w**2 - 7*w - 7. Let k be m(-5). Suppose -5*z + 14 = k*v, 4*v + 2*z = -v + 36. Let y be v/2 + 2 + -2. Let j(f) = -f - 4. What is j(y)?
-8
Suppose -3*p + 2*i + 14 = i, 0 = -4*p + 2*i + 18. Let m(v) = -v**3 + 6*v**2 - 3*v - 12. What is m(p)?
-2
Let r(z) = z**3 - 12*z**2 - 8. Let a = -4 - -16. What is r(a)?
-8
Let o(r) be the first derivative of -r**3/3 + 15*r**2/2 + r - 64. Give o(15).
1
Let b(a) = -a**3 - 7*a**2 - 3*a + 8. Suppose 2*f - 4*f = 5*g + 7, 3*g + 15 = -3*f. Determine b(f).
-10
Suppose 12 = l - 3*f, 4*f + 14 - 6 = 0. Let y(x) = 7*x**2 + 2 - 6*x + 2052*x**3 - 2053*x**3 - 3*x. Determine y(l).
-16
Let b(n) = -n**2 - n - 2. Let c(h) = 3*h + 0 - 5*h - 2 - 6. Let l be c(-4). Suppose l = 2*g - 6*g. Determine b(g).
-2
Let n(f) be the third derivative of -f**5/60 - 3*f**4/8 - 5*f**3/3 + 9*f**2 - 4*f. What is n(-8)?
-2
Let q(a) = -a - 2. Let k(h) = -13*h**2 + 77*h + 5. Let c be k(6). Calculate q(c).
-1
Let c(o) = o**3 + 6*o**2 + 3*o + 4. Let s = 10 + 5. Suppose -r - 4*h - 11 = 10, 0 = r - 5*h - s. Determine c(r).
14
Let r(a) = a**2 - 12*a - 1. Suppose j = 996 - 991. Determine r(j).
-36
Suppose -5*v = c - 13, 0 = c - 5*c + 5*v + 27. Let s = -5 + c. Suppose 8*i - s*i = 0. Let r(l) = -l**3 + 6. Calculate r(i).
6
Let r(b) = -3*b - 6. Let d be (0 - (-20)/(-6))*12/10. Give r(d).
6
Let o be -2*(52/(-8) + 1). Let g = o + -9. Let b(c) = -3 - 1 - c**g - 2*c**2 - 3*c + 3. Determine b(-2).
-7
Let i(p) = -5*p**2 + p + 2. Let w(s) = -7*s**2 + s + 1. Let g(j) = 3*i(j) - 2*w(j). Calculate g(3).
-2
Let x = -824 + 812. Let h(s) = 3*s + 6. Determine h(x).
-30
Let f(i) = 2 - 3*i + 0*i**2 + i**3 - 3*i**2 + 2. Let x be 0 + 5 - (-8)/(-4). Suppose -x*v + 1 = -8. Determine f(v).
-5
Let u(t) be the first derivative of t**4/4 - 4*t**3/3 - t**2/2 + 4*t + 27. Determine u(-2).
-18
Suppose 32 = 4*i - 0. Let x(n) = i*n - 9 + 0*n - 6*n. Calculate x(6).
3
Let p be 15 + (6/3 - 4). Suppose -3*i - 11 - p = 0. Let t = i + 14. Let c(q) = -q**2 + 3*q + 7. Give c(t).
-11
Suppose -4*y + 3*z - 35 = 0, 0*z = 3*z - 3. Let x(p) be the second derivative of -p**4/12 - 3*p**3/2 - 4*p**2 - 2*p + 2587. What is x(y)?
0
Let m(y) = -9*y**3 - y**2 + 2*y - 1. Let h be 15/(-6)*((-2208)/(-20))/(-4). Suppose x + h - 70 = 0. Calculate m(x).
-9
Let y = 22 - 23. Let u be (-25)/(-2) - y/(-2). Let s be 9/(-2) + u/(-8). Let r(d) = -d**2 - 9*d - 6. Determine r(s).
12
Let n = 866 + -858. Let y(x) = -x**2 + 6*x + 6. Give y(n).
-10
Suppose -4*c = 5*y - 36, 3*y - 28 = -3*c - 4. Let b be (c/6)/((-6)/(-18)). Suppose -3*u + u = -b. Let m(z) = z + 1. What is m(u)?
2
Let n(l) = 11*l - 5 + 5. Suppose 0 = 4*f - s - 11, 2*f - f - 24 = -4*s. Suppose -4*m + 0 = f. Calculate n(m).
-11
Let c be 5/((-150)/18) - 86/(-10). Let r(o) = o**3 - 8*o**2 - 5*o + 8. Calculate r(c).
-32
Let g(z) = -